{"id":6812,"date":"2023-09-05T06:15:56","date_gmt":"2023-09-05T06:15:56","guid":{"rendered":"https:\/\/elementor2.ameclexdir.com\/index.php\/agendas\/programa-de-desenvolupament-dhabilitats-per-a-tecnics-i-operaris\/"},"modified":"2023-09-05T06:15:56","modified_gmt":"2023-09-05T06:15:56","slug":"programa-de-desenvolupament-dhabilitats-per-a-tecnics-i-operaris","status":"publish","type":"agendas","link":"https:\/\/elementor2.ameclexdir.com\/index.php\/agendas\/programa-de-desenvolupament-dhabilitats-per-a-tecnics-i-operaris\/","title":{"rendered":"Programa de desenvolupament d&#8217;habilitats per a t\u00e8cnics i operaris"},"content":{"rendered":"<p class=\"center\"><img fetchpriority=\"high\" decoding=\"async\" src=\"https:\/\/elementor2.ameclexdir.com\/wp-content\/uploads\/2023\/09\/banner-117-redim-w800-h400.png\" width=\"800\" height=\"400\"><\/p>\n<p>Avui dia, la progressiva internacionalitzaci\u00f3 de les empreses i l&#8217;automatitzaci\u00f3 i digitalitzaci\u00f3 dels processos productius fa que <strong>les compet\u00e8ncies soft prenguin un protagonisme<\/strong> m\u00e9s gran per als professionals en entorns t\u00e8cnics industrials.<\/p>\n<p>&nbsp;<\/p>\n<p><strong>El Programa de Desenvolupament d&#8217;Habilitats per a T\u00e8cnics i Operaris<\/strong> t\u00e9 el prop\u00f2sit de proporcionar els continguts, les eines i les metodologies necess\u00e0ries per desenvolupar les seves habilitats.<\/p>\n<p>&nbsp;<\/p>\n<p class=\"title_with_yellow_after\">Contingut del Ptograma<\/p>\n<ul>\n<li><strong>Autoconeixement<\/strong>: Comen\u00e7a amb el teu propi autolideratge. <strong>Repte<\/strong>: Avaluar fortaleses i febleses per a l&#8217;exercici d&#8217;un lideratge cognitiu. <strong>4 i 11 d&#8217;octubre<\/strong><\/li>\n<li><strong>Presa de decisions:<\/strong> Coneix i analitza els principis i els processos de la presa de decisions. <strong>Repte<\/strong>: Analitzar una decisi\u00f3 presa recentment i avaluar el proc\u00e9s seguit. <strong>18 i 25 d&#8217;octubre<\/strong><\/li>\n<li><strong>Millora de processos<\/strong>: Ent\u00e9n les variables fonamentals per analitzar i millorar els processos. <strong>Repte<\/strong>: analitzar un proc\u00e9s amb les seves principals activitats i recursos.<strong>. 8 i 15 de novembre<\/strong><\/li>\n<li><strong>Treball en equip:<\/strong> Apr\u00e8n els pilars i les dimensions de l&#8217;alt rendiment en els equips. <strong>Repte<\/strong>: Realitzar un diagn\u00f2stic dequip. <strong>21 i 29 de novembre<\/strong><\/li>\n<\/ul>\n<p class=\"title_with_yellow_after\">M\u00e9s informaci\u00f3:<\/p>\n<p>Les empreses membres <em><strong>d&#8217;amec<\/strong><\/em> disposen d&#8217;un <strong>40% de descompte en el preu.<\/strong> Pots inscriure&#8217;t a la formaci\u00f3 completa o b\u00e9 al m\u00f2dul que m\u00e9s t&#8217;interessi<\/p>\n<p><strong>Importe del Programa completo:<\/strong><\/p>\n<p>Miembros de<strong><em> amec<\/em><\/strong>: 637\u20ac + 21% IVA<\/p>\n<p>Empresas no miembro: 1061\u20ac + 21% IVA<\/p>\n<p><strong>Importe de cada m\u00f3dulo:<\/strong><\/p>\n<p>Miembros de amec: 190\u20ac + 21% IVA<\/p>\n<p>Empresas no miembro: 316\u20ac + 21% IVA<\/p>\n<p>&nbsp;<\/p>\n<p>Tens tota la informaci\u00f3 i pots inscriure&#8217;t al seg\u00fcent <strong><a href=\"https:\/\/www.amec.es\/es\/pag576\/habilidades-para-tecnicos-y-operarios.htm\" data-href=\"https:\/\/www.amec.es\/es\/pag576\/habilidades-para-tecnicos-y-operarios.htm\">LINK<\/a><\/strong><\/p>\n","protected":false},"template":"","class_list":["post-6812","agendas","type-agendas","status-publish","hentry"],"acf":[],"_links":{"self":[{"href":"https:\/\/elementor2.ameclexdir.com\/index.php\/wp-json\/wp\/v2\/agendas\/6812","targetHints":{"allow":["GET"]}}],"collection":[{"href":"https:\/\/elementor2.ameclexdir.com\/index.php\/wp-json\/wp\/v2\/agendas"}],"about":[{"href":"https:\/\/elementor2.ameclexdir.com\/index.php\/wp-json\/wp\/v2\/types\/agendas"}],"version-history":[{"count":0,"href":"https:\/\/elementor2.ameclexdir.com\/index.php\/wp-json\/wp\/v2\/agendas\/6812\/revisions"}],"wp:attachment":[{"href":"https:\/\/elementor2.ameclexdir.com\/index.php\/wp-json\/wp\/v2\/media?parent=6812"}],"curies":[{"name":"wp","href":"https:\/\/api.w.org\/{rel}","templated":true}]}}

Programa de desenvolupament d&#8217;habilitats per a tècnics i operaris

<p class="center"><img fetchpriority="high" decoding="async" src="https://elementor2.ameclexdir.com/wp-content/uploads/2023/09/banner-117-redim-w800-h400.png" width="800" height="400"></p>
<p>Avui dia, la progressiva internacionalització de les empreses i l&#8217;automatització i digitalització dels processos productius fa que <strong>les competències soft prenguin un protagonisme</strong> més gran per als professionals en entorns tècnics industrials.</p>
<p>&nbsp;</p>
<p><strong>El Programa de Desenvolupament d&#8217;Habilitats per a Tècnics i Operaris</strong> té el propòsit de proporcionar els continguts, les eines i les metodologies necessàries per desenvolupar les seves habilitats.</p>
<p>&nbsp;</p>
<p class="title_with_yellow_after">Contingut del Ptograma</p>
<ul>
<li><strong>Autoconeixement</strong>: Comença amb el teu propi autolideratge. <strong>Repte</strong>: Avaluar fortaleses i febleses per a l&#8217;exercici d&#8217;un lideratge cognitiu. <strong>4 i 11 d&#8217;octubre</strong></li>
<li><strong>Presa de decisions:</strong> Coneix i analitza els principis i els processos de la presa de decisions. <strong>Repte</strong>: Analitzar una decisió presa recentment i avaluar el procés seguit. <strong>18 i 25 d&#8217;octubre</strong></li>
<li><strong>Millora de processos</strong>: Entén les variables fonamentals per analitzar i millorar els processos. <strong>Repte</strong>: analitzar un procés amb les seves principals activitats i recursos.<strong>. 8 i 15 de novembre</strong></li>
<li><strong>Treball en equip:</strong> Aprèn els pilars i les dimensions de l&#8217;alt rendiment en els equips. <strong>Repte</strong>: Realitzar un diagnòstic dequip. <strong>21 i 29 de novembre</strong></li>
</ul>
<p class="title_with_yellow_after">Més informació:</p>
<p>Les empreses membres <em><strong>d&#8217;amec</strong></em> disposen d&#8217;un <strong>40% de descompte en el preu.</strong> Pots inscriure&#8217;t a la formació completa o bé al mòdul que més t&#8217;interessi</p>
<p><strong>Importe del Programa completo:</strong></p>
<p>Miembros de<strong><em> amec</em></strong>: 637€ + 21% IVA</p>
<p>Empresas no miembro: 1061€ + 21% IVA</p>
<p><strong>Importe de cada módulo:</strong></p>
<p>Miembros de amec: 190€ + 21% IVA</p>
<p>Empresas no miembro: 316€ + 21% IVA</p>
<p>&nbsp;</p>
<p>Tens tota la informació i pots inscriure&#8217;t al següent <strong><a href="https://www.amec.es/es/pag576/habilidades-para-tecnicos-y-operarios.htm" data-href="https://www.amec.es/es/pag576/habilidades-para-tecnicos-y-operarios.htm">LINK</a></strong></p>
